on factor of z and 42?
14
Suppose -4*u = -2*l - 194 - 312, 4*l - 396 = -3*u. Calculate the highest common factor of u and 32.
32
Let k be 1*36/(-16)*-4. Calculate the greatest common divisor of k and 9.
9
Suppose -2*u = 4*m - 140, -2*u + 3*m + 0*m = -126. Calculate the highest common factor of 6 and u.
6
Let k(z) = z + 122. Let q be k(0). Suppose 2*j - 29 = -g + 15, 3*g - q = 4*j. Let y be (-1)/(-4) + (-23)/(-4). Calculate the highest common factor of g and y.
6
Suppose 2*a - 11 = a. Calculate the greatest common factor of a and 88.
11
Suppose 2*q + 11 + 1 = 0. Let n(y) = -y - 8. Let m be n(q). Let h be (8 + 0)/(m/(-4)). What is the highest common divisor of 8 and h?
8
Let m(l) be the first derivative of -3*l**2/2 - 1. Suppose 4*w = -5 - 11. Let u be m(w). What is the greatest common divisor of 96 and u?
12
Let b = 37 - -346. Suppose -b = -4*g - 111. Suppose 47 + 4 = 3*s. Calculate the highest common divisor of s and g.
17
Suppose 7*j = 3*j + 5*u, -3*j + 35 = 5*u. Calculate the highest common divisor of j and 45.
5
Let p(n) = 4*n - n - 6 - 5*n - 3*n. Let a be p(-4). Let l = 307 - 195. Calculate the greatest common divisor of a and l.
14
Let l(d) = 6*d - 32. Let b be l(7). What is the highest common divisor of 80 and b?
10
Suppose -3*y + 9 = -2*y. Let m be 3 + -2 + -1 + 3. What is the greatest common factor of m and y?
3
Suppose 2*s - 2 = 3*s. Let y = s + 4. Let h be (y*-1)/((-6)/9). What is the highest common divisor of h and 21?
3
Let m(o) = 3*o**2 + 7*o. Let i be m(-5). What is the greatest common factor of i and 8?
8
Let r = 26 - 0. What is the greatest common divisor of 39 and r?
13
Let f be -2*(2/21 + (-37553)/714). Suppose 3*p = 12, 0 = 5*v - p - 2*p - 93. Calculate the greatest common factor of v and f.
21
Let p = 214 + -24. Let j = -135 + p. What is the greatest common factor of 11 and j?
11
Let i = 3 - 5. Let l(y) = -y**2 - 6*y + 4. Let w be l(-8). Let a be i/(-6) - 572/w. What is the highest common factor of a and 6?
6
Let c = 6 - 3. Suppose -c*j = -2*w + 3*w - 23, w = -5*j + 39. Let h be 1/(-1 + 10/j). What is the greatest common divisor of h and 8?
4
Let h be 282 + (0 - (-1)/1). Let k = h + -163. What is the greatest common factor of 12 and k?
12
Suppose 15 = 6*r - r. Let t = -1 - -113. Suppose 0 = -4*p + 2*k + t, 3*p - 3*k = -2*k + 83. Calculate the greatest common divisor of r and p.
3
Let c be 18 - -2 - (-1 - -3). Let o be (3/2)/(6/12). Suppose 5*v = -5*l + 635, -5*v = -10*v + o*l + 627. Calculate the greatest common divisor of c and v.
18
Let y be 6/(4/(-32)*-3). Calculate the greatest common divisor of 64 and y.
16
Let r(n) = 18*n**2 + 4*n + 4. Let t be r(-3). Let j(d) = d - 2. Let o be j(5). Suppose -o*y + 4*y - 14 = 0. Calculate the highest common factor of y and t.
14
Let m be ((-108)/45)/(9/(-60)). Let a(t) = -13*t**3 + 3*t**2 - 2. Let u be a(2). Let h = u - -174. What is the greatest common factor of h and m?
16
Let f(i) = -i**3 + 5*i**2 + 7*i - 2. Let m be f(6). Let c be (2 - 1)*122 - -1. Suppose -c = -m*t + 53. What is the highest common factor of t and 11?
11
Suppose 0 = -2*r + 5*n + 26, -r - 8*n - 17 = -3*n. Let x(h) = h**3 - 3*h**2 + 4*h. Let t be x(3). What is the highest common divisor of r and t?
3
Let v = -16 + 9. Let g be (v/3)/((-5)/90). Let m be 56/10*(-1 + 6). What is the highest common factor of m and g?
14
Let q be (-28)/(-5) - (-21)/(-35). Suppose 0*z = -2*z + 24. Suppose c - 4*c = 5*s - 4, q*c = s - z. Calculate the greatest common factor of 3 and s.
1
Let o(c) = c**3 + 4*c**2 - 2*c + 5. Let t be o(-4). Let g be ((-3)/2)/((-24)/(-32)). Let p be g/(4/(-26)) + 0. What is the greatest common divisor of p and t?
13
Suppose -2*v + 22 = -v. Calculate the greatest common divisor of 2 and v.
2
Let w = 412 + -283. Suppose 44 = -5*g + w. What is the highest common divisor of g and 136?
17
Let x(t) = t**3 - 9*t**2 + 10*t - 10. Let y be x(8). Suppose 0 = -2*m + 22 + 14. What is the greatest common factor of m and y?
6
Let v be 1/(-3) + 79/3. Let y be 4*4/(-16)*-65. What is the greatest common factor of y and v?
13
Suppose -d = -2*h + 56 + 22, 0 = -5*h - 3*d + 206. What is the greatest common factor of 20 and h?
20
Suppose 0 + 105 = 5*s. Suppose 0 = -3*y + y. Suppose 0 = -y*x + 2*x - 378. Calculate the highest common divisor of s and x.
21
Let l be (2/2)/((-2)/(-24)). Suppose -84 = -17*p + 18. Calculate the greatest common factor of l and p.
6
Let p be (1/2)/((-5)/(-90)). Suppose 4*t + p = 5*t. Calculate the greatest common divisor of t and 18.
9
Let r(a) = -a**2 + 7*a. Let i be r(6). Let p be 26/10 + 6/15. Suppose 7*v - p*v - 24 = 0. What is the highest common factor of v and i?
6
Suppose 2*q - 10 = 3*q. Let r = q + 6. Let i be (-278)/r - 3/(-6). Calculate the greatest common divisor of 10 and i.
10
Let l(r) = 2*r**3 - 6*r**2 - r - 5. Let u be l(5). Suppose -3*h - 15 = -u. Let q = -9 - -19. What is the greatest common divisor of q and h?
5
Suppose c - 4*c - 57 = 0. Suppose -3*n + 162 = 4*k + 43, -3*k + 15 = 0. Let b = c + n. What is the highest common divisor of 14 and b?
14
Let a be (-2 + 1)*(-84 - 0). Calculate the highest common factor of a and 12.
12
Suppose 2*u - 8 = j + 48, -j = 5*u - 126. Let k = -15 + u. Calculate the greatest common divisor of k and 33.
11
Let u = -3 + 5. Let m be u - 1 - 92/(-4). Calculate the greatest common divisor of 8 and m.
8
Suppose 3*d - 75 = 3*z, 0*z + 6 = -2*z. What is the highest common divisor of d and 22?
22
Suppose 3*v + 3024 = 12*v. What is the greatest common divisor of v and 14?
14
Let d(x) = x**3 + 11*x**2 - 12*x + 12. Let r be d(-11). Calculate the greatest common factor of 36 and r.
36
Let x be (160/12)/((-2)/(-6)). Suppose 0 = g + 2*a - 16, g + 4*g + 2*a = 88. Let u = -2 + g. Calculate the highest common divisor of x and u.
8
Let j(n) = n - 2. Let p be j(6). Suppose -p*s + 12 = -2*s. What is the greatest common factor of s and 3?
3
Let z be (-7 - -10)*28/3. What is the greatest common factor of 7 and z?
7
Let x be (-28)/(-3) + 14/21. Calculate the highest common factor of 10 and x.
10
Let p be 3 + 7/14*(-1 + 51). What is the highest common factor of p and 14?
14
Suppose -40*m + 150 = -34*m. Suppose -8*z - 8 = -4*z. Let l(j) = 19*j**2 + j + 1. Let y be l(z). What is the greatest common factor of y and m?
25
Suppose -16 = 4*m, 3*s - 3*m = -m + 17. Suppose -2*k + s + 13 = 5*n, 0 = 2*k + 4*n - 18. Calculate the highest common divisor of k and 13.
13
Let j be (1 + -2)/((-2)/10). Let w(x) = 3*x - 5. Let h be w(j). Suppose -k = -6*k + 350. What is the greatest common factor of h and k?
10
Suppose 0 = -5*z, 0*o + 3*o - 75 = -4*z. What is the highest common factor of 125 and o?
25
Let c(l) = l**3 + 7*l**2 - 4*l - 10. Let h be c(-8). Let j = h - -72. What is the greatest common divisor of 10 and j?
10
Let s be (7*12)/((-2)/(8/(-4))). What is the greatest common factor of s and 12?
12
Suppose 266 + 339 = 5*r. Suppose -8*s = -7*s - r. Calculate the greatest common factor of 11 and s.
11
Let k = 20 + -20. Suppose x - 4*x + 336 = k. Calculate the greatest common divisor of x and 14.
14
Let g(d) be the second derivative of -d**5/20 - d**4/12 + d**3/6 + 85*d**2/2 + 3*d. Let t be g(0). What is the greatest common divisor of 17 and t?
17
Suppose -2*x + 83 = -31. What is the highest common factor of 38 and x?
19
Let y = 7 - 5. Let z(g) = g**3 - g**2 + 6*g - 4. Let a be z(5). Suppose -3*b = y*b - 2*l - 156, -4*b = -l - a. Calculate the highest common divisor of b and 16.
16
Let o be (-5)/(15/(-6)) + -69. Let m = 152 + o. Suppose 57 = 3*d + 3*b - b, 0 = 2*d - 2*b - 28. What is the highest common factor of d and m?
17
Suppose 0 = -0*d - 7*d + 392. Suppose -4*w + 14 = -2*w. What is the highest common factor of w and d?
7
Suppose -3*q = -p + 1, -4*p + 5*q + 4 = -0*q. What is the highest common factor of p and 3?
1
Let n = 16 + -27. Let p = n + 28. What is the highest common divisor of 51 and p?
17
Let c = 12 + 0. Calculate the greatest common factor of 12 and c.
12
Let j = -379 + 580. Suppose 0 = z - 4*n - 134, -3*n = -4*z + 290 + 220. Let d = j - z. What is the highest common divisor of 30 and d?
15
Let h(r) = -2*r**2 - r. Let g be h(-3). Let j(z) = 5*z + 2. Let x be j(-2). Let s = x - g. What is the greatest common divisor of s and 56?
7
Let l be -64*(-1 + 2)*-1. What is the highest comm